visor of q and 144.
18
Let r(w) = w - 4. Let k be r(13). Calculate the highest common factor of 18 and k.
9
Let g(m) = m**2 - 10*m - 2. Let k be g(10). Let y be (4/(-8))/(k/80). Calculate the highest common divisor of y and 80.
20
Let i = 25 + -24. What is the greatest common factor of 3 and i?
1
Suppose 0*i = i - 70. Let j(h) = 6*h - 2. Suppose 2*k - 3*n + 0*n - 13 = 0, -2*n - 12 = -2*k. Let p be j(k). Calculate the highest common factor of i and p.
14
Let t(z) = z**3 - 11*z**2 - 7*z + 10. Let v be t(12). Suppose 2*n - v = -10. What is the highest common factor of n and 6?
6
Let x(a) be the third derivative of a**5/6 + a**4/6 + a**3/3 + 6*a**2. Let s be x(-2). What is the highest common divisor of s and 136?
34
Let r be ((-198)/(-12))/((-9)/(-24)). What is the highest common divisor of r and 66?
22
Let f be (-2712)/(-20) - (-7)/((-105)/(-6)). What is the highest common divisor of 17 and f?
17
Suppose 27 + 21 = q. Let f(b) = -b**2 - 5*b + 3. Let k be f(-5). Suppose k*m - 16 = m. What is the greatest common divisor of q and m?
8
Let r(x) = x + 1. Let f(g) = 10*g + 6. Let c(v) = f(v) - 6*r(v). Let m be c(1). Suppose 72 = -0*u + m*u. What is the greatest common divisor of 6 and u?
6
Let g = -47 - -78. What is the greatest common divisor of 62 and g?
31
Let o(w) = w**3 - 8*w**2 + 4*w + 9. Suppose -p + 4 = -3. Let j be o(p). Let z be 3/j - (-253)/4. What is the greatest common factor of z and 9?
9
Suppose 0 = -8*h + 10*h - 26. Let s = h + -7. Calculate the greatest common divisor of s and 30.
6
Suppose 5*s = -2*v + 43, -3*v + 125 = 2*v - 5*s. Suppose -4*h = -5*h + 14. Let q = -2 + h. Calculate the greatest common divisor of q and v.
12
Let r(f) = 2*f**2 - 4*f + 2. Let q be r(-5). Let p(i) = i**2 - 3*i + 18. Let s be p(0). What is the greatest common divisor of q and s?
18
Suppose 2*z = -4*w + 376, 0*w - 2*z = -4*w + 384. Calculate the highest common divisor of 19 and w.
19
Let x be 1 + -21*8/(-3). Let w be 34/(-4) - 2/(-4). Let c(j) = -j**2 - 10*j + 3. Let k be c(w). Calculate the greatest common divisor of x and k.
19
Let l be (-17)/102 + (-770)/(-12). Calculate the highest common divisor of 160 and l.
32
Let x be (-9)/21 - 236/(-28). Calculate the highest common factor of x and 32.
8
Suppose -5 = -3*z + 4. Suppose -z*v = s + s + 7, 3*v = -4*s + 1. Calculate the greatest common divisor of s and 2.
2
Suppose 0*z - z + 124 = 0. Let s(a) = -a - 1. Let d be s(-3). Let t = d + z. Calculate the highest common factor of t and 14.
14
Let k = 133 - 129. What is the highest common factor of 22 and k?
2
Suppose x - 15 = -2*x. Suppose -x*i + 2*i = -24. Let p(t) = 56*t**3 - t + 1. Let n be p(1). What is the highest common factor of n and i?
8
Let g be 1 + (-8)/(-4) - 5. Let n(m) = -39*m + 3. Let i be n(g). What is the highest common divisor of 9 and i?
9
Let u = 13 + -1. Let z be ((-4)/u)/(3/(-54)). Calculate the greatest common divisor of 9 and z.
3
Suppose 0 = -0*s + 3*s - 12. Let p = 12 + -6. Suppose 3*j - p = 18. Calculate the highest common factor of j and s.
4
Let p(m) = m**2 - m + 153. Let a be p(0). Calculate the greatest common divisor of a and 17.
17
Let k(b) = 4*b**2 + 9*b - 10. Let q(u) = -5*u**2 - 9*u + 10. Let p(o) = -4*k(o) - 3*q(o). Let a be p(-8). What is the highest common divisor of a and 72?
18
Suppose 4*h - 128 = -0*h. What is the highest common factor of 48 and h?
16
Suppose -s - 4*s = -30. Suppose 0*w = -3*w + s. Calculate the highest common divisor of w and 8.
2
Suppose 0 = -5*u + 10, 0*b + 2*b - 3*u = 8. Calculate the highest common factor of 56 and b.
7
Let o(f) = -f**2 - 9*f - 8. Let w be o(-7). Let x(b) = b**3 - 3*b**2 - 5*b. Let n be x(w). What is the highest common factor of 26 and n?
26
Suppose -4*b = -0*b + 2*t - 2856, -2143 = -3*b - 2*t. Suppose -5*p + k + k + 717 = 0, 2*k = -5*p + b. Calculate the highest common factor of 13 and p.
13
Let j be (5/(-4))/(4/(-80)). Calculate the greatest common factor of j and 125.
25
Suppose 65 + 35 = 4*a. What is the highest common factor of a and 225?
25
Let y(x) = x**3 - 5*x**2 - 6*x + 5. Let h be y(6). Let l = 28 - 18. Let g = l - h. What is the greatest common factor of 45 and g?
5
Let k(l) = l**3 - 6*l**2 - 6*l - 6. Let a be k(7). Calculate the greatest common divisor of a and 7.
1
Let v(f) = f**2 + 3*f. Let l be v(4). Suppose -3*g + 7 + 26 = o, o + 4*g = l. Let k = o + -30. What is the highest common divisor of 108 and k?
18
Suppose -5*s = -6*s. Let h be (-14)/35 - 27/(-5). Suppose s*d + 150 = h*d. What is the highest common divisor of d and 3?
3
Suppose -2*y + 5*j = -y - 84, 0 = -2*y - 3*j + 194. Suppose -5*t + y = -116. Calculate the highest common divisor of 6 and t.
6
Let v = 2 + 8. Let d be (-12)/(-9)*330/4. Calculate the highest common factor of d and v.
10
Suppose -28 = l - 138. Let z(p) = p**2 - 3*p + 1. Let a be z(5). What is the greatest common divisor of a and l?
11
Suppose 612 = 2*a + 2*a. Suppose 4*s - 85 = -s. Calculate the greatest common divisor of a and s.
17
Let y(s) = 3*s - 6. Let o be y(5). Let d(l) = 2*l + 1. Let w be d(o). Suppose -r + w = 2. Calculate the greatest common factor of r and 17.
17
Let g = 125 + -112. What is the greatest common factor of 39 and g?
13
Suppose 0 = 2*f + 3*f - 55. Let t be ((-27)/(-12) - 2)*4. Calculate the highest common divisor of f and t.
1
Let h(v) = 1. Let i(s) = s + 2. Let a(c) = -5*h(c) + i(c). Let x be a(5). What is the highest common divisor of 22 and x?
2
Let t(p) = p**3 + 10*p**2 + 17*p + 15. Let i be t(-8). Let z be (-3)/3 - 8*-1. Calculate the highest common factor of z and i.
7
Let n = -29 - -17. Let f(d) = -d**2 - 16*d - 3. Let t be f(n). What is the greatest common factor of 5 and t?
5
Let z be 21/(-9)*(0 - 3). Let u(v) = -7*v. Let h(k) = k**3 - 7*k**2 + 7*k - 7. Let i be h(6). Let t be u(i). Calculate the highest common divisor of t and z.
7
Let d = -43 - -82. Calculate the greatest common divisor of 234 and d.
39
Let g = -28 + 14. Let k be (-134)/g + 15/35. Calculate the highest common divisor of k and 15.
5
Let m be (-4)/(-12) - (-294)/9. Calculate the highest common divisor of 3 and m.
3
Suppose -101 - 58 = -m + x, 300 = 2*m + 4*x. What is the greatest common divisor of 104 and m?
52
Let d = -232 + 367. Let p = 10 - -5. What is the greatest common factor of p and d?
15
Suppose -d + 278 = -0*t + 2*t, 0 = 5*t + 5*d - 690. What is the highest common factor of t and 20?
20
Let n be (-36)/(-5) - (-2)/(-10). Suppose -19 - 86 = -3*i. What is the greatest common divisor of n and i?
7
Let u = 43 - 31. What is the greatest common divisor of 8 and u?
4
Suppose -l = 2*l - 75. Calculate the greatest common factor of l and 10.
5
Let s = -78 - -129. Suppose 3*i = -2*t + 59, -5*i + 101 = -2*t + 6*t. Calculate the highest common factor of i and s.
17
Let y(r) = r - 2. Let t be y(7). Suppose -a - t*q + 4*q + 1 = 0, -5*a = q - 13. Suppose -5 = -4*c - 1. What is the greatest common factor of c and a?
1
Let r = -20 + 23. Suppose r = 4*z - 5. What is the greatest common factor of z and 5?
1
Suppose 0 = -2*p - 8 - 4. Let v be 608/18 - p/27. What is the highest common factor of v and 17?
17
Let n = -5 - -12. Let j = 15 - n. Suppose 3*s = 3*w - 48, -20 = -w - s + 4. What is the greatest common factor of w and j?
4
Let g(t) = -3*t - 7. Let b be g(-6). What is the highest common divisor of 121 and b?
11
Suppose -g + 4 = 1. Suppose 5 = 2*h + x, g*h + h - 2*x = 6. Suppose 0 = -h*c + 14 - 2. Calculate the greatest common factor of 9 and c.
3
Suppose 4*j - 5*j + 2 = 0. Let g = 16 + 0. Calculate the highest common factor of j and g.
2
Suppose -3*y - 3*k = -258, 4*y - 2*y - 181 = -5*k. Suppose 3*p + y = 251. Let u(z) = z + 1. Let v be u(6). Calculate the highest common factor of v and p.
7
Let w = -107 - -195. Let k = 7 - -4. What is the highest common factor of w and k?
11
Let h = -86 - -98. Let s = 16 - -80. Let a = s + h. What is the highest common factor of 12 and a?
12
Let a be (2/4)/(1/8). Let k be -3*1*3/(-3). Suppose -m - 5*o + 9 = 0, -3*o - 5 = -k*m + m. Calculate the greatest common divisor of m and a.
4
Let n = 12 + -11. Calculate the greatest common factor of n and 7.
1
Suppose -15 - 3 = -3*a. Let z be (19/2)/(3/a). Let m(u) = u**3 - 12*u**2 + 14*u - 14. Let f be m(11). Calculate the greatest common divisor of z and f.
19
Let j = -85 